What is the thousands digit of 181864427?
4
What is the millions digit of 1472818365?
2
What is the hundreds digit of 69404786?
7
What is the units digit of 59845366?
6
What is the billions digit of 3379307582?
3
What is the millions digit of 25708752?
5
What is the thousands digit of 647377072?
7
What is the thousands digit of 5453839810?
9
What is the ten thousands digit of 28441900?
4
What is the ten millions digit of 1533810993?
3
What is the thousands digit of 20829510?
9
What is the hundreds digit of 206664126?
1
What is the millions digit of 14763763?
4
What is the hundred thousands digit of 1681802483?
8
What is the units digit of 178250815?
5
What is the hundred millions digit of 3360434107?
3
What is the millions digit of 236409786?
6
What is the thousands digit of 580369924?
9
What is the ten millions digit of 1089654044?
8
What is the ten millions digit of 624287054?
2
What is the ten thousands digit of 93306705?
0
What is the ten millions digit of 67349989?
6
What is the millions digit of 77715974?
7
What is the ten thousands digit of 711706219?
0
What is the thousands digit of 1402028069?
8
What is the hundreds digit of 1460337576?
5
What is the ten thousands digit of 165115951?
1
What is the tens digit of 1696260520?
2
What is the hundred thousands digit of 308069749?
0
What is the units digit of 88478382?
2
What is the millions digit of 38547056?
8
What is the billions digit of 1760461535?
1
What is the ten thousands digit of 24283689?
8
What is the tens digit of 166291956?
5
What is the hundred thousands digit of 2781204458?
2
What is the units digit of 178991860?
0
What is the ten thousands digit of 1890173274?
7
What is the millions digit of 363003435?
3
What is the tens digit of 48022238?
3
What is the hundred thousands digit of 152851851?
8
What is the hundred thousands digit of 2096690957?
6
What is the hundred thousands digit of 448124920?
1
What is the hundreds digit of 93898815?
8
What is the millions digit of 140246090?
0
What is the hundred thousands digit of 32018837?
0
What is the ten millions digit of 316255062?
1
What is the ten millions digit of 1461078730?
6
What is the ten millions digit of 231306599?
3
What is the units digit of 1285717120?
0
What is the millions digit of 181217858?
1
What is the billions digit of 5596390554?
5
What is the hundred thousands digit of 310453289?
4
What is the units digit of 40332655?
5
What is the ten thousands digit of 2448473919?
7
What is the tens digit of 953564772?
7
What is the hundred thousands digit of 13610530?
6
What is the tens digit of 170362352?
5
What is the billions digit of 1056699906?
1
What is the ten thousands digit of 24255246?
5
What is the hundreds digit of 90480566?
5
What is the ten millions digit of 5499706475?
9
What is the tens digit of 18835072?
7
What is the units digit of 1490718832?
2
What is the hundred thousands digit of 1100189993?
1
What is the units digit of 1569566126?
6
What is the hundred millions digit of 4084800988?
0
What is the ten millions digit of 52306029?
5
What is the ten millions digit of 1234497519?
3
What is the millions digit of 805474622?
5
What is the millions digit of 79181970?
9
What is the ten millions digit of 307853449?
0
What is the thousands digit of 627525380?
5
What is the hundred thousands digit of 1133061837?
0
What is the ten millions digit of 260173502?
6
What is the thousands digit of 1966772041?
2
What is the hundred thousands digit of 103433448?
4
What is the units digit of 73125608?
8
What is the thousands digit of 200646294?
6
What is the hundred thousands digit of 715382335?
3
What is the hundreds digit of 2847540074?
0
What is the hundreds digit of 59057144?
1
What is the ten thousands digit of 787635193?
3
What is the hundreds digit of 205611175?
1
What is the thousands digit of 6886125?
6
What is the units digit of 341507016?
6
What is the units digit of 4605575973?
3
What is the tens digit of 135731928?
2
What is the thousands digit of 154557754?
7
What is the millions digit of 1920933066?
0
What is the tens digit of 281265000?
0
What is the units digit of 47534066?
6
What is the hundreds digit of 428222085?
0
What is the tens digit of 993488053?
5
What is the hundred thousands digit of 2015239269?
2
What is the hundreds digit of 1572242134?
1
What is the thousands digit of 87846248?
6
What is the thousands digit of 1549063923?
3
What is the millions digit of 66656557?
6
What is the units digit of 31769188?
8
What is the ten millions digit of 1004254340?
0
What is the hundred thousands digit of 521996584?
9
What is the hundred millions digit of 1250044410?
2
What is the hundred thousands digit of 94488761?
4
What is the ten millions digit of 352808680?
5
What is the millions digit of 20941059?
0
What is the tens digit of 456249859?
5
What is the units digit of 807418156?
6
What is the hundreds digit of 580992038?
0
What is the units digit of 47879979?
9
What is the thousands digit of 238502130?
2
What is the thousands digit of 249003214?
3
What is the hundred thousands digit of 492678831?
6
What is the thousands digit of 593352986?
2
What is the thousands digit of 230732037?
2
What is the tens digit of 175464953?
5
What is the hundred thousands digit of 371549294?
5
What is the hundreds digit of 85046503?
5
What is the units digit of 2135630346?
6
What is the tens digit of 55793877?
7
What is the hundreds digit of 1827340803?
8
What is the hundred millions digit of 123542061?
1
What is the hundreds digit of 46097914?
9
What is the millions digit of 39801669?
9
What is the tens digit of 69383142?
4
What is the hundred millions digit of 316646538?
3
What is the ten thousands digit of 4480144138?
4
What is the hundred millions digit of 148209478?
1
What is the ten thousands digit of 157478103?
7
What is the hundreds digit of 53935475?
4
What is the billions digit of 1175224089?
1
What is the millions digit of 70771357?
0
What is the hundred millions digit of 4121705883?
1
What is the ten millions digit of 5880138800?
8
What is the hundreds digit of 198831784?
7
What is the millions digit of 33950384?
3
What is the thousands digit of 119618702?
8
What is the ten millions digit of 21464886?
2
What is the millions digit of 42949748?
2
What is the billions digit of 6889162812?
6
What is the tens digit of 583965553?
5
What is the thousands digit of 52609751?
9
What is the tens digit of 39974379?
7
What is the hundreds digit of 1623855907?
9
What is the ten millions digit of 60647134?
6
What is the units digit of 105488202?
2
What is the units digit of 85059252?
2
What is the hundred millions digit of 1107507925?
1
What is the hundred thousands digit of 151250338?
2
What is the ten thousands digit of 2601298199?
9
What is the ten thousands digit of 43174379?
7
What is the tens digit of 3536443877?
7
What is the tens digit of 1425470951?
5
What is the ten thousands digit of 50363794?
6
What is the thousands digit of 321291457?
1
What is the units digit of 36641143?
3
What is the hundreds digit of 52037578?
5
What is the units digit of 3261644783?
3
What is the ten thousands digit of 3499648448?
4
What is the hundred millions digit of 725689368?
7
What is the hundreds digit of 2046842751?
7
What is the thousands digit of 2448158496?
8
What is the hundred millions digit of 1022663793?
0
What is the hundred thousands digit of 59557547?
5
What is the tens digit of 73089777?
7
What is the hundred millions digit of 1522424827?
5
What is the millions digit of 63148243?
3
What is the millions digit of 7244817497?
4
What is the ten millions digit of 12668305?
1
What is the units digit of 359419656?
6
What is the thousands digit of 283958099?
8
What is the thousands digit of 1494323838?
3
What is the hundred thousands digit of 903920378?
9
What is the thousands digit of 33670997?
0
What is the millions digit of 1433245884?
3
What is the hundred thousands digit of 539697012?
6
What is the ten millions digit of 4436293999?
3
What is the tens digit of 1871647729?
2
What is the ten thousands digit of 41722297?
2
What is the tens digit of 6143558954?
5
What is the units digit of 133554315?
5
What is the tens digit of 340899231?
3
What is the hundred millions digit of 3899878109?
8
What is the hundred thousands digit of 86